 divided by u?
54
Suppose -6*m + 569 + 79 = 0. Suppose 0 = -7*c + 16*c - m. What is the remainder when 29 is divided by c?
5
Let w = 5907 - 5562. Calculate the remainder when 704 is divided by w.
14
Let x = -11165 - -11260. What is the remainder when x is divided by 22?
7
Let k(x) = -856*x + 4297. What is the remainder when 115 is divided by k(5)?
13
Let t be (-1 - 0)/((-3)/162). Suppose c - 2*c - 5*b = t, 0 = 4*b - 20. Let h = c - -135. What is the remainder when h is divided by 19?
18
Let c(d) = -9*d - 4*d - d**2 - 6 + 4*d + 25. Let i = 78 - 47. Calculate the remainder when i is divided by c(-9).
12
Suppose 2*d - l = -2*l + 133, 39 = d - 5*l. Let s = 54737 + -54600. Calculate the remainder when s is divided by d.
9
Let x = 5779 + -5613. What is the remainder when x is divided by 153?
13
Suppose 24*h - 4379 - 10561 = 2796. What is the remainder when h is divided by 29?
14
Let z(f) = f**3 + 5*f**2 - 43*f - 14. Calculate the remainder when 2227 is divided by z(5).
1
Suppose 4*z = -4, 2*u - 5 = -3*z + 10. Let p(i) = -712*i - 3211. What is the remainder when p(-5) is divided by u?
7
Suppose 0 = 93*p - 91*p + 4*g - 32, -5*p - 4*g + 98 = 0. Calculate the remainder when 206 is divided by p.
8
Let s be 12/(4 - (-81)/(-21)). Suppose -2*u + 3*u = 3*v + s, 3*u = -2*v + 197. Suppose 0 = 3*n - 2*n - u. What is the remainder when n is divided by 18?
15
Suppose 2*q + 2*q = 220. Suppose -j = 3*u - 1640, 4*u = -5*j + 588 + 1595. Let w = 561 - u. What is the remainder when q is divided by w?
13
Suppose 13 - 118 = -5*v. What is the remainder when ((-18)/(-3) + -3 - 2)/(99/30492) is divided by v?
14
Let c = 367 + -1003. Let w = 650 + c. Calculate the remainder when 50 is divided by w.
8
Suppose 16*l + 16 = 20*l. Let g(t) = 2*t**2 + 4*t - 8. Calculate the remainder when g(l) is divided by 16.
8
Let x = 13451 - 13429. Calculate the remainder when 71 is divided by x.
5
Suppose -2*v = -4*g - 90, v + g = -0*g + 30. Suppose 44*j + 52*j - 111*j = -1530. Calculate the remainder when j is divided by v.
32
Let b(q) = -3*q**3 - 28*q**2 - 67*q + 8. Let v(h) = -h**3 - 9*h**2 - 22*h + 2. Let c(m) = -2*b(m) + 7*v(m). Calculate the remainder when 37 is divided by c(-3).
15
Let n = 231 - 143. Suppose 103*i - 1677 = -26*i. What is the remainder when n is divided by i?
10
Let d = 3 + -190. Let u = d + 359. What is the remainder when u is divided by 44?
40
Suppose 12*u - 1342 = 1106. Calculate the remainder when u is divided by 105.
99
Let f = -141 - -156. Let k = -22 + 79. Calculate the remainder when k is divided by f.
12
Suppose -455*g + 453*g - 3*x = -215, -4*g + 409 = -x. Calculate the remainder when g is divided by 5.
3
Suppose -q - 58 = -3*q. Let z = 808 + -790. What is the remainder when q is divided by z?
11
Suppose n = -4*p - 371 + 1349, 5*p + 5*n = 1215. Calculate the remainder when p is divided by 237.
8
Let y(u) = -4*u**3 - u**2 - u - 1. Let s(j) = 2*j**2 + 17*j + 6. Let d be s(-8). What is the remainder when 172 is divided by y(d)?
27
Let r(p) = 19*p + 187. Let v be r(-10). Calculate the remainder when 46 + v/(-15)*15 is divided by 37.
12
Suppose 3*j - 5*a - 215 = 6936, 0 = 3*j - 13*a - 7111. Calculate the remainder when j is divided by 238.
12
Let l(x) = -x + 67. What is the remainder when l(-31) is divided by 95/10 - 5/(-10)?
8
Let m(k) = k - 8. Let p = -82 - -95. Let w be m(p). Suppose -49 = -w*d - 2*o, 3*o + 3 = -4*d + 45. What is the remainder when 31 is divided by d?
4
Let y = 14090 - 14042. What is the remainder when 2845 is divided by y?
13
Suppose 5*n = 5*a + 1100, 6*n + 685 = 9*n + 2*a. Let i = -20 + 32. What is the remainder when n is divided by i?
9
Let v(m) = -m**2 + 39*m - 60. Suppose -5*j + 100 = y, 9*y - 14*y + 40 = 2*j. Calculate the remainder when v(j) is divided by 54.
50
Let a = 709 + -564. Calculate the remainder when 2028 is divided by a.
143
Let o = -7408 + 7481. Let n(q) be the second derivative of 13*q**4/4 - q**2/2 + 2*q. Calculate the remainder when o is divided by n(-1).
35
Suppose 43*l + 1651 - 10290 = 11571. Calculate the remainder when 945 is divided by l.
5
Suppose -y = -3*k - 31 - 25, 5*y = -2*k - 60. What is the remainder when 95 is divided by 10*((-44)/k - 1)?
11
Let h(a) = -5*a**3 - 8*a**2 - 11*a - 17. What is the remainder when h(-4) is divided by 17?
15
Suppose -j - 7*j - 312 = 0. What is the remainder when 13/(j/(-426)) + -1 is divided by 11?
9
Let y(z) = 82 - 74*z - 11*z - 126 - 36*z. What is the remainder when y(-1) is divided by 13?
12
Let y = 37 + -17. Let m(g) = -g**2 - 38*g + 158. Calculate the remainder when m(-40) is divided by y.
18
Let s = 17729 - 17661. Calculate the remainder when 2376 is divided by s.
64
Suppose -23 - 989 = -23*s. What is the remainder when 480 is divided by s?
40
Suppose 0*a + 182 = -7*a. Let s = 32 + a. Suppose -8*w + 54 = -s*w. Calculate the remainder when 105 is divided by w.
24
Let n(l) = -l**3 + 11*l**2 - 3*l - 18. Let g = 21 - 12. Calculate the remainder when n(g) is divided by 24.
21
Suppose w + 17 = 1753*t - 1752*t, -2*w - 54 = -4*t. What is the remainder when 2057 is divided by t?
7
Let b(c) = 189*c + 2055. What is the remainder when b(0) is divided by 14?
11
Let q(f) = f**2 + 12*f - 10. Suppose 4*o = -3*x + 90, -3*x = 5 + 1. What is the remainder when q(-16) is divided by o?
6
Let i = -1564 - -1984. Calculate the remainder when i is divided by 53.
49
Let o = 508 + -505. Suppose 3*n - 15 = -2*q, -6*q + 24 = -3*q + o*n. Suppose 4*s + 2*g - 86 = 4*g, s - 8 = 5*g. What is the remainder when s is divided by q?
5
Suppose 3*a - 37 = -8*c, 0*c + 3*a + 8 = c. Calculate the remainder when (1/(-6)*-2)/(1/39) is divided by c.
3
Let z(d) = d**2 - 211*d - 3 - 10 + 2 + 217*d. Calculate the remainder when 217 is divided by z(2).
2
Let l(j) = 5*j**3 - 4*j**2 - 6*j - 3. Suppose -r + 4*i = 18, 2*r - i = -11 + 3. Let m be l(r). Let f = m + 58. What is the remainder when 54 is divided by f?
10
Let m be ((-3)/(-9))/((10/18)/5). Let q be (-5)/15 - (-238)/m. Suppose -6 = -h + q. What is the remainder when h is divided by 44?
41
Let a(r) = 2*r**2 - 3*r + 2. Suppose 4*u - 428 = -4*d, u + 6*d - 2*d - 95 = 0. Let y = 150 - u. What is the remainder when y is divided by a(4)?
17
Let r(p) = -p**3 - p**2 + 5*p + 2. Let s be r(-3). Suppose 0 = -s*i + i + 20. Suppose 0 = 4*u + 115 - 155. Calculate the remainder when u is divided by i.
0
Suppose 0 = -42*y + 68*y - 28737 - 20767. What is the remainder when y is divided by 76?
4
Let g be (-6)/(-8) - (-81)/36. Suppose -4*y + g*y = -3. Suppose -33 = -0*x - y*x. What is the remainder when 39 is divided by x?
6
Suppose 1882 + 14278 = 40*a. What is the remainder when a is divided by 10?
4
Suppose 159 = 13*j - 36. Calculate the remainder when (-56)/(1/(-4)*4) is divided by j.
11
Let u(p) = -p**2 - 4*p + 69. Let l be u(-10). Let b = -3 - -4. Let y = l - b. What is the remainder when 38 is divided by y?
6
Let r be -1 + -12 + 7 + 0 + 1. Let p be 2*-2*(-2)/((-20)/r). Suppose -3*t + 74 = p*q + 6, 5*q + 25 = 0. Calculate the remainder when t is divided by 15.
11
Let p = -5 + 13. Let n(h) = -4*h**2 - 65*h - 39. What is the remainder when n(-14) is divided by p?
7
Suppose -4*g + m = -18015, -56*g + 13508 = -53*g - 4*m. Calculate the remainder when g is divided by 3.
1
Suppose 2084 = -7*b + 76*b - 3298. What is the remainder when 419 is divided by b?
29
What is the remainder when (46860/(-121))/(2/(-11)) is divided by 52?
50
Suppose -4*a - 2*t = 190, 2*a - 4*t + 1478 = 1378. Let k = -110 + 186. Let w = a + k. What is the remainder when w is divided by 13?
2
Let g = 146 + -142. Suppose g*a - 2*y - 148 = 2*y, -3*y = -2*a + 77. What is the remainder when 119 is divided by a?
17
Let j(b) = -b**3 - 98*b**2 + 203*b + 350. Calculate the remainder when 2951 is divided by j(-100).
1
Let a(r) = 2*r**2 - 6. Let v be a(4). Let p = -13 + v. Let i = 46 - 22. What is the remainder when i is divided by p?
11
Let m(t) = 2*t**2 + 46*t - 2995. What is the remainder when 2789 is divided by m(29)?
17
Let s = -14 + 7. Let o = s + 2. What is the remainder when (-147)/o + (-4)/10 is divided by 16?
13
Let m = -97 + 91. What is the remainder when 119 is divided by (42/7)/m - -6?
4
Suppose 37*k - 945 = 5*k + 11*k. What is the remainder when 319 is divided by k?
4
Let x = 75 - 39. Suppose -145 = -4*b + 5*k, 4*b =